est common divisor of t and 74?
37
Suppose -2*v + 2*r = 184, -4*v - 2*r - 61 = 283. Let w be ((-180)/(-14))/(-3 + v/(-28)). Calculate the greatest common factor of w and 10.
10
Let l(s) = 2*s**3 - 3*s - 5. Let d be l(4). Suppose -178*u + 1486 = -2440 - 2660. What is the highest common divisor of d and u?
37
Let k be (5/(-3))/(1/(-3)). Let j(u) = 9*u + 291 - 19*u + 4*u + 38*u. Let d be j(-8). What is the greatest common factor of d and k?
5
Let b = 155 + -153. Suppose -4*d + 132 = 4*j, b*d + 12 = 5*j + 113. Calculate the highest common divisor of d and 304.
38
Suppose -123*h - 390 = -126*h. Let g be (h/(-15)*-5)/((-1)/(-3)). What is the highest common factor of 30 and g?
10
Suppose -4*b - 1072 + 3112 = 4*d, 2*b + 3*d - 1017 = 0. Let s(l) = -l**2 + 15*l + 21. Let n be s(12). What is the highest common divisor of n and b?
57
Let w be ((-318)/(-15))/(24/60)*(403 - 2). What is the highest common factor of w and 53?
53
Let k be (-1 - -123 - (135 + -147)) + -1*7. What is the highest common factor of k and 1?
1
Let o(j) = 4 + 0 + j**2 - 1 - 14*j - 5. Let z be o(14). Let x be (-45)/(6/z) - (0 - 1). Calculate the greatest common factor of x and 128.
16
Let s be (119/(-14) - -8)*2. Let r be (-12)/(72/(-6)) - (-8 - s). What is the greatest common divisor of 72 and r?
8
Let q be 75*(2080/(-39))/(-8). What is the highest common divisor of q and 980?
20
Suppose -6*w - 5*a + 69 = 0, 0 = -3*a + 14 + 13. What is the highest common factor of w and 11156?
4
Let v = 2398 + -2385. What is the highest common divisor of v and 79?
1
Let n be 20 - 15 - (-1992 - -2). Suppose 24*l - 117 = n. What is the greatest common factor of 22 and l?
22
Let b be -9 - -3 - (-269 - -81). Let x(q) = -q**3 + 12*q**2 + 3*q + 16. Let m be x(12). What is the highest common divisor of b and m?
26
Let i(k) = 8*k - 25. Let u be i(8). Let d = 398 - 4. Suppose -43 = l - d. Calculate the highest common divisor of l and u.
39
Let r = 6539 - 5611. Calculate the greatest common factor of 512 and r.
32
Suppose 0 = -4*z + 593 + 375. Let l be 2 - (-6)/(-3)*-103. Let w = l - 186. What is the greatest common factor of z and w?
22
Let a(d) = -183*d + 948. Let o be a(5). Calculate the greatest common divisor of o and 2816.
11
Suppose 94 = 3*z - 2*z - 320. Calculate the highest common divisor of 368 and z.
46
Suppose 2211*w = 2181*w + 1260. Let c be 22/4*1*2. Let q = w - c. Calculate the highest common divisor of q and 279.
31
Suppose 0 = -10*k + m + 18849, -8*k + 13*k + 2*m = 9427. Calculate the greatest common factor of k and 910.
65
Let f be ((-3)/9)/(1 + (-31)/30). Let n be (154/(-35) + 8)*f. Suppose -13 = -5*g - 2*o + 9, -10 = -3*g + 2*o. What is the greatest common divisor of g and n?
4
Let g = -1836 - -5130. Calculate the highest common divisor of g and 122.
122
Suppose -369*n - 10682 = -376*n. What is the greatest common factor of 392 and n?
14
Suppose -16*o + 10*o + 1386 = 0. What is the highest common divisor of 861 and o?
21
Let g = 100 + -51. Suppose -69*q = -70*q + 5*b + 37, 0 = -b - 6. Calculate the highest common divisor of q and g.
7
Let b(y) = 3*y - 59. Let a be b(21). Let v be 76*(49/420 - a/(-30)). What is the greatest common divisor of 57 and v?
19
Let k(z) = -41*z + 223. Let g be k(-16). Suppose 887*o = g*o + 240. Calculate the highest common divisor of o and 105.
15
Suppose 3*j = -0*b - 2*b + 13, -b - 5*j = -17. Let h(o) = -25*o + 33*o - 4*o**b + 6 + 11*o**2. Let d be h(-6). What is the highest common factor of d and 84?
42
Let z be (-1)/9 - 1*88/99. Let o be z + (-226)/(-4) + (-9)/18. What is the greatest common factor of o and 15?
5
Let a = -12146 - -14553. Calculate the greatest common factor of a and 58.
29
Let i(a) = -71*a + 107. Let t be i(-3). Suppose -4*f + o + 235 = 0, -5*f + 0*o + t = 4*o. What is the highest common factor of 96 and f?
12
Suppose 5*p - v = 15, p + 3*v + 13 = -0*v. Suppose g = 4*x - 42 + 251, -418 = -2*g + p*x. Calculate the highest common factor of 19 and g.
19
Suppose 29*p - 3500 = 7020 + 2588. What is the highest common factor of 4633 and p?
113
Let h(w) = 2*w + 5. Let p(t) = -t - 6. Let m(c) = 6*h(c) + 5*p(c). Let g be m(3). Let n = 31 + 11. What is the greatest common factor of g and n?
21
Let u(b) = 3*b**3 + 3*b**2 - 7*b - 3. Suppose -80 + 92 = 6*l. Let n be u(l). What is the greatest common divisor of n and 171?
19
Let p be (2/4)/((-4)/(-24)). Suppose -2*b + 11 = 4*t - 23, 5*b = -4*t + 25. Let m = t - 4. What is the greatest common divisor of p and m?
3
Let a be 2/(-19) - (-1864)/19. Let y = a + -94. Suppose -3*r + y*r - l - 17 = 0, -l - 89 = -5*r. What is the highest common divisor of r and 30?
6
Suppose -28 = -p + w, -226 = -3*p - 2*w - 147. What is the highest common divisor of p and 25731?
27
Let a be 7600/114*234/24. What is the greatest common divisor of a and 400?
50
Suppose -263*d + 35 = -268*d. Let q be ((d - -2) + -5)*-1. Calculate the greatest common divisor of q and 15.
5
Let t be (-3)/27*-115 + 4/18. Suppose -15*z - 250 = -t*z. Let o = z + 133. Calculate the highest common factor of o and 8.
8
Suppose 447 = 3*i - x, -41*i - 5*x - 121 = -42*i. What is the greatest common divisor of i and 2?
1
Suppose -5*f = -2*u - 1192, -3*f - 4*u = f - 976. Calculate the greatest common divisor of 15 and f.
15
Let u be (9/2)/((-9)/456). Let l be 3/(-27) - u/108. Let i = l + 8. What is the greatest common divisor of i and 80?
10
Let w = -588 - -624. Suppose -r - 5*n + 157 = 0, 0*n + 645 = 4*r + 3*n. Calculate the highest common divisor of r and w.
18
Let u = 8188 - -3578. Calculate the highest common factor of u and 666.
222
Let o = 285 + -276. Let u be ((-18)/4)/(o/1296*-6). Calculate the greatest common divisor of u and 72.
36
Let h = 167 - 155. Let i be (-6)/h - 273/(-6). Suppose 5*k - 5 = 0, -k - 123 = -4*g - 4*k. Calculate the highest common divisor of g and i.
15
Let k be 5/(-2)*(-9982)/1085. Calculate the highest common factor of k and 2461.
23
Let m be (-48)/(-3) + 3 + -2 + 0. Let o = 3 + m. Suppose 9*l = 4*l + o. What is the highest common factor of l and 32?
4
Let z be (-12991)/(-44) - (-40)/(-32). Calculate the greatest common factor of z and 48.
6
Suppose -5*z + 8011 = -4*x + 537, -x - 5977 = -4*z. What is the highest common divisor of z and 332?
166
Let f be 4/(-6 - (-1710)/279). Suppose a - 2*y + 630 = 2*a, 3*y + 605 = a. What is the greatest common factor of a and f?
31
Let l = 76 + -6. Suppose -g = g - l. Let c = 199 + -194. Calculate the greatest common factor of g and c.
5
Suppose 897 = -65*x + 17277. What is the greatest common factor of 16 and x?
4
Let r be 2/(-12) + ((-1613584)/(-96) - 22). Calculate the greatest common divisor of r and 66.
22
Suppose 2 = c - 2, 3*c - 76 = -4*q. Suppose 0 = -0*k - q*k + 4320. Calculate the greatest common factor of k and 30.
30
Let y be 18*(-7)/((-21)/69). Suppose -4*b + y = 2*b - 4*t, 3*t + 344 = 5*b. Calculate the highest common divisor of 67 and b.
67
Let n(x) = 14*x + 32. Let v be n(14). Let h = 384 - v. What is the greatest common factor of 24 and h?
12
Let d(h) be the second derivative of h**3 - 11*h**2 + 74*h. Let x be d(6). What is the greatest common factor of x and 392?
14
Let h be (-592)/(-3) + (-2)/(-6)*-1. Let f be (1 - 1) + 244/(-2). Let c = f + h. Calculate the highest common divisor of 30 and c.
15
Let r = 2022 + -1993. Let s(g) = 203*g. Let q be ((-2)/(-3))/(2/3). Let w be s(q). Calculate the highest common factor of r and w.
29
Let f = 35 + -16. Suppose o = -3*l + f, l + 0*o = o + 9. Suppose -345 = 4*j - l*j. What is the greatest common factor of 46 and j?
23
Let y = 2664 - 2530. What is the highest common divisor of y and 1407?
67
Suppose -105947 = -96*j - 827. What is the greatest common factor of j and 15?
15
Let p be (-16)/20*(-1620)/8. Let v be (-4 - (-66)/8)*(-2 - 26). Let w = v + p. Calculate the highest common divisor of 301 and w.
43
Let q(f) = -2*f**3 - 10*f**2 - 37*f - 35. Let m be q(-8). What is the highest common divisor of m and 4128?
129
Suppose -5*s = -p - 262, 364*s + 2*p - 152 = 361*s. What is the greatest common factor of 572 and s?
52
Suppose 3*d + 3*s = -2*d + 387, -3*s = 3. Suppose -2*v - 4*j + 3*j = -d, -2*v = -4*j - 78. What is the highest common factor of v and 286?
13
Let p be (-16)/12*948/(-16). Suppose 0 = -p*y + 77*y + 40. What is the greatest common f